{"id":892,"date":"2019-11-08T13:28:03","date_gmt":"2019-11-08T12:28:03","guid":{"rendered":"http:\/\/impreza20.us-themes.com\/?page_id=11"},"modified":"2026-02-05T19:52:25","modified_gmt":"2026-02-05T18:52:25","slug":"home","status":"publish","type":"page","link":"https:\/\/brandmanual.aufbau-nord.de\/","title":{"rendered":"Startseite"},"content":{"rendered":"<section class=\"l-section wpb_row height_full valign_center color_primary with_img parallax_ver with_overlay\" id=\"brandportal\"><div class=\"l-section-img\" style=\"background-image: url(https:\/\/brandmanual.aufbau-nord.de\/wp-content\/uploads\/2026\/02\/2024_07_16_Produktion-9978.jpg);\" data-img-width=\"1623\" data-img-height=\"1080\"><\/div><div class=\"l-section-overlay\" style=\"background: linear-gradient(90deg,rgba(0,0,0,0.9),rgba(0,0,0,0.7))\"><\/div><div class=\"l-section-h i-cf\"><div class=\"g-cols vc_row type_default valign_middle reversed\"><div class=\"vc_col-sm-8 wpb_column vc_column_container animate_afb\"><div class=\"vc_column-inner\"><div class=\"wpb_wrapper\"><div class=\"wpb_text_column\" ><div class=\"wpb_wrapper\"><p>CONDIAS Brand Portal<\/p>\n<\/div><\/div><h2 class=\"w-text us_custom_aa13cce3\"><span class=\"w-text-h\"><span class=\"w-text-value\">Das CONDIAS Brand Portal zentralisiert alles Wichtige f\u00fcr die Markenf\u00fchrung an einem Ort.<\/span><\/span><\/h2><div class=\"w-btn-wrapper width_auto align_left\"><a class=\"w-btn us-btn-style_2 icon_atleft\" title=\"Brand Design\" href=\"#branddesign\"><i class=\"fas fa-arrow-down\"><\/i><span class=\"w-btn-label\">Weiter<\/span><\/a><\/div><\/div><\/div><\/div><div class=\"vc_col-sm-4 vc_hidden-md vc_hidden-sm vc_hidden-xs wpb_column vc_column_container animate_afb\" style=\"animation-delay:0.2s\"><div class=\"vc_column-inner\"><div class=\"wpb_wrapper\"><div class=\"w-iconbox iconpos_top style_default color_contrast align_center no_title no_text\"><div class=\"w-iconbox-icon\" style=\"font-size:14vw;\"><i class=\"fal fa-bullseye-arrow\"><\/i><\/div><div class=\"w-iconbox-meta\"><\/div><\/div><\/div><\/div><\/div><\/div><\/div><\/section><section class=\"l-section wpb_row height_full valign_center color_primary with_img parallax_ver with_overlay\" id=\"branddesign\"><div class=\"l-section-img\" style=\"background-image: url(https:\/\/brandmanual.aufbau-nord.de\/wp-content\/uploads\/2026\/02\/2024_07_16_Produktion-0040.jpg);background-repeat: no-repeat;\" data-img-width=\"1623\" data-img-height=\"1080\"><\/div><div class=\"l-section-overlay\" style=\"background: linear-gradient(90deg,rgba(0,0,0,0.9),rgba(0,0,0,0.7))\"><\/div><div class=\"l-section-h i-cf\"><div class=\"g-cols vc_row type_default valign_middle reversed\"><div class=\"vc_col-sm-8 wpb_column vc_column_container animate_afb\"><div class=\"vc_column-inner\"><div class=\"wpb_wrapper\"><div class=\"wpb_text_column\" ><div class=\"wpb_wrapper\"><p>Brand Design<\/p>\n<\/div><\/div><h2 class=\"w-text us_custom_aa13cce3\"><span class=\"w-text-h\"><span class=\"w-text-value\">Brand Design entspringt dem englischsprachigen Terminus f\u00fcr die einheitliche, visuelle Darstellung unterschiedlicher Unternehmenskulturen.<\/span><\/span><\/h2><div class=\"w-btn-wrapper width_auto align_left\"><a class=\"w-btn us-btn-style_2 icon_atleft\" title=\"Brand Design vs. Corporate Design\" href=\"#brandvscorporate\"><i class=\"fas fa-arrow-down\"><\/i><span class=\"w-btn-label\">Weiter<\/span><\/a><\/div><\/div><\/div><\/div><div class=\"vc_col-sm-4 vc_hidden-md vc_hidden-sm vc_hidden-xs wpb_column vc_column_container animate_afb\" style=\"animation-delay:0.2s\"><div class=\"vc_column-inner\"><div class=\"wpb_wrapper\"><div class=\"w-iconbox iconpos_top style_default color_contrast align_center no_title no_text\"><div class=\"w-iconbox-icon\" style=\"font-size:14vw;\"><i class=\"fal fa-chart-network\"><\/i><\/div><div class=\"w-iconbox-meta\"><\/div><\/div><\/div><\/div><\/div><\/div><\/div><\/section><section class=\"l-section wpb_row height_full valign_center color_primary with_img parallax_ver with_overlay\" id=\"brandvscorporate\"><div class=\"l-section-img\" style=\"background-image: url(https:\/\/brandmanual.aufbau-nord.de\/wp-content\/uploads\/2026\/02\/2024_07_16_Produktion-0901.jpg);background-repeat: no-repeat;\" data-img-width=\"1623\" data-img-height=\"1080\"><\/div><div class=\"l-section-overlay\" style=\"background: linear-gradient(90deg,rgba(0,0,0,0.9),rgba(0,0,0,0.7))\"><\/div><div class=\"l-section-h i-cf\"><div class=\"g-cols vc_row type_default valign_middle reversed\"><div class=\"vc_col-sm-8 wpb_column vc_column_container animate_afb\"><div class=\"vc_column-inner\"><div class=\"wpb_wrapper\"><div class=\"wpb_text_column\" ><div class=\"wpb_wrapper\"><p>Brand Design vs. Corporate Design<\/p>\n<\/div><\/div><h2 class=\"w-text us_custom_aa13cce3\"><span class=\"w-text-h\"><span class=\"w-text-value\">Das Brand Design verf\u00fcgt \u00fcber h\u00f6here Variablen und somit weniger Richtlinien als ein Corporate Design.<\/span><\/span><\/h2><div class=\"w-btn-wrapper width_auto align_left\"><a class=\"w-btn us-btn-style_2 icon_atleft\" title=\"Business Strategy\" href=\"#digitalisierung\"><i class=\"fas fa-arrow-down\"><\/i><span class=\"w-btn-label\">Weiter<\/span><\/a><\/div><\/div><\/div><\/div><div class=\"vc_col-sm-4 vc_hidden-md vc_hidden-sm vc_hidden-xs wpb_column vc_column_container animate_afb\" style=\"animation-delay:0.2s\"><div class=\"vc_column-inner\"><div class=\"wpb_wrapper\"><div class=\"w-iconbox iconpos_top style_default color_contrast align_center no_title no_text\"><div class=\"w-iconbox-icon\" style=\"font-size:14vw;\"><i class=\"fal fa-crown\"><\/i><\/div><div class=\"w-iconbox-meta\"><\/div><\/div><\/div><\/div><\/div><\/div><\/div><\/section><section class=\"l-section wpb_row height_full valign_center color_primary with_img parallax_ver with_overlay\" id=\"digitalisierung\"><div class=\"l-section-img\" style=\"background-image: url(https:\/\/brandmanual.aufbau-nord.de\/wp-content\/uploads\/2026\/02\/2024_07_16_Produktion-0210.jpg);background-repeat: no-repeat;\" data-img-width=\"1623\" data-img-height=\"1080\"><\/div><div class=\"l-section-overlay\" style=\"background: linear-gradient(90deg,rgba(0,0,0,0.9),rgba(0,0,0,0.7))\"><\/div><div class=\"l-section-h i-cf\"><div class=\"g-cols vc_row type_default valign_middle reversed\"><div class=\"vc_col-sm-8 wpb_column vc_column_container animate_afb\"><div class=\"vc_column-inner\"><div class=\"wpb_wrapper\"><div class=\"wpb_text_column\" ><div class=\"wpb_wrapper\"><p>In Zeiten der Digitalisierung<\/p>\n<\/div><\/div><h2 class=\"w-text us_custom_aa13cce3\"><span class=\"w-text-h\"><span class=\"w-text-value\">Dies ist der Digitalisierung und ihren neuen Medien geschuldet.<\/span><\/span><\/h2><div class=\"w-btn-wrapper width_auto align_left\"><a class=\"w-btn us-btn-style_2 icon_atleft\" title=\"Business Strategy\" href=\"#wandel\"><i class=\"fas fa-arrow-down\"><\/i><span class=\"w-btn-label\">Weiter<\/span><\/a><\/div><\/div><\/div><\/div><div class=\"vc_col-sm-4 vc_hidden-md vc_hidden-sm vc_hidden-xs wpb_column vc_column_container animate_afb\" style=\"animation-delay:0.2s\"><div class=\"vc_column-inner\"><div class=\"wpb_wrapper\"><div class=\"w-iconbox iconpos_top style_default color_contrast align_center no_title no_text\"><div class=\"w-iconbox-icon\" style=\"font-size:14vw;\"><i class=\"fal fa-robot\"><\/i><\/div><div class=\"w-iconbox-meta\"><\/div><\/div><\/div><\/div><\/div><\/div><\/div><\/section><section class=\"l-section wpb_row height_full valign_center color_primary with_img parallax_ver with_overlay\" id=\"wandel\"><div class=\"l-section-img\" style=\"background-image: url(https:\/\/brandmanual.aufbau-nord.de\/wp-content\/uploads\/2026\/02\/2023_11_15_Condias_Start-13.jpg);background-repeat: no-repeat;\" data-img-width=\"1623\" data-img-height=\"1080\"><\/div><div class=\"l-section-overlay\" style=\"background: linear-gradient(90deg,rgba(0,0,0,0.9),rgba(0,0,0,0.7))\"><\/div><div class=\"l-section-h i-cf\"><div class=\"g-cols vc_row type_default valign_middle reversed\"><div class=\"vc_col-sm-8 wpb_column vc_column_container animate_afb\"><div class=\"vc_column-inner\"><div class=\"wpb_wrapper\"><div class=\"wpb_text_column\" ><div class=\"wpb_wrapper\"><p>Wandel flexibel begegnen<\/p>\n<\/div><\/div><h2 class=\"w-text us_custom_aa13cce3\"><span class=\"w-text-h\"><span class=\"w-text-value\">Diese Variabilit\u00e4t schafft den Rahmen um die Marke CONDIAS auch zuk\u00fcnftig immer optimal zu pr\u00e4sentieren.<\/span><\/span><\/h2><div class=\"w-btn-wrapper width_auto align_left\"><a class=\"w-btn us-btn-style_2 icon_atleft\" title=\"Business Strategy\" href=\"#brandnews\"><i class=\"fas fa-arrow-down\"><\/i><span class=\"w-btn-label\">Weiter<\/span><\/a><\/div><\/div><\/div><\/div><div class=\"vc_col-sm-4 vc_hidden-md vc_hidden-sm vc_hidden-xs wpb_column vc_column_container animate_afb\" style=\"animation-delay:0.2s\"><div class=\"vc_column-inner\"><div class=\"wpb_wrapper\"><div class=\"w-iconbox iconpos_top style_default color_contrast align_center no_title no_text\"><div class=\"w-iconbox-icon\" style=\"font-size:14vw;\"><i class=\"fal fa-palette\"><\/i><\/div><div class=\"w-iconbox-meta\"><\/div><\/div><\/div><\/div><\/div><\/div><\/div><\/section><section class=\"l-section wpb_row height_custom\" id=\"brandnews\"><div class=\"l-section-h i-cf\"><div class=\"g-cols vc_row type_default valign_middle\"><div class=\"vc_col-sm-12 wpb_column vc_column_container\"><div class=\"vc_column-inner\"><div class=\"wpb_wrapper\"><div class=\"wpb_text_column\" ><div class=\"wpb_wrapper\"><h2 style=\"text-align: center;\">Anwendungen<\/h2>\n<\/div><\/div><div class=\"w-separator size_small\"><\/div><div class=\"w-grid type_grid layout_581 cols_3 with_css_animation\" id=\"us_grid_1\" data-filterable=\"true\"><style id=\"us_grid_1_css\">#us_grid_1 .w-grid-item{padding:1.5rem}#us_grid_1 .w-grid-list{margin:-1.5rem}.w-grid + #us_grid_1 .w-grid-list{margin-top:1.5rem}@media (max-width:899px){#us_grid_1 .w-grid-item{width:50.0000%}}@media (max-width:599px){#us_grid_1 .w-grid-list{margin:0}#us_grid_1 .w-grid-item{width:100.0000%;padding:0;margin-bottom:1.5rem}}<\/style><style>.layout_581 .w-grid-item-h{}@media(max-width:599px){.layout_581 .usg_post_content_1{display:none!important}}.layout_581 .usg_post_custom_field_1{transition-duration:0.3s;transform-origin:50% 50%;transform:scale(1) translate(0%,0%);opacity:0}.layout_581 .w-grid-item-h:hover .usg_post_custom_field_1{transform:scale(1) translate(0%,0%);opacity:1}.layout_581 .usg_post_title_1{font-family:'Red Hat Display',sans-serif!important;font-size:1.2rem!important}.layout_581 .usg_post_taxonomy_1{font-weight:700!important;font-size:0.9rem!important}.layout_581 .usg_post_date_1{color:#7a858c!important;font-family:'Roboto',sans-serif!important;font-size:0.9rem!important}.layout_581 .usg_post_custom_field_1{position:absolute!important;left:-1.5rem!important;top:-1.5rem!important;bottom:-1.5rem!important;right:-1.5rem!important;box-shadow:0 10px 30px 0 rgba(0,0,0,0.12)!important}<\/style><div class=\"w-grid-list\" >\t<article class=\"w-grid-item animate_afb size_1x1 post-79 post type-post status-publish format-standard has-post-thumbnail hentry category-design\" data-id=\"79\" style=\"animation-delay:0s\">\r\n\t\t<div class=\"w-grid-item-h\">\r\n\t\t\t\t\t\t<div class=\"w-post-elm post_custom_field usg_post_custom_field_1 type_text\"><\/div><div class=\"w-vwrapper usg_vwrapper_1 align_left valign_top\" style=\"--vwrapper-gap:0.5rem\"><div class=\"w-post-elm post_image usg_post_image_1 stretched\"><a href=\"https:\/\/brandmanual.aufbau-nord.de\/?p=79\" aria-label=\"CONDIAS &#8211; Ein Zeichen f\u00fcr Qualit\u00e4t\"><img loading=\"lazy\" decoding=\"async\" width=\"300\" height=\"200\" src=\"https:\/\/brandmanual.aufbau-nord.de\/wp-content\/uploads\/2026\/02\/2023_11_15_Condias_Start-13-300x200.jpg\" class=\"attachment-medium size-medium wp-post-image\" alt=\"\" srcset=\"https:\/\/brandmanual.aufbau-nord.de\/wp-content\/uploads\/2026\/02\/2023_11_15_Condias_Start-13-300x200.jpg 300w, https:\/\/brandmanual.aufbau-nord.de\/wp-content\/uploads\/2026\/02\/2023_11_15_Condias_Start-13-1024x681.jpg 1024w, https:\/\/brandmanual.aufbau-nord.de\/wp-content\/uploads\/2026\/02\/2023_11_15_Condias_Start-13-1536x1022.jpg 1536w, https:\/\/brandmanual.aufbau-nord.de\/wp-content\/uploads\/2026\/02\/2023_11_15_Condias_Start-13.jpg 1623w\" sizes=\"auto, (max-width: 300px) 100vw, 300px\" \/><\/a><\/div><div class=\"w-post-elm post_taxonomy usg_post_taxonomy_1 style_simple\"><a href=\"https:\/\/brandmanual.aufbau-nord.de\/?cat=17\">Design<\/a><\/div><h2 class=\"w-post-elm post_title usg_post_title_1 entry-title color_link_inherit\"><a href=\"https:\/\/brandmanual.aufbau-nord.de\/?p=79\">CONDIAS &#8211; Ein Zeichen f\u00fcr Qualit\u00e4t<\/a><\/h2><div class=\"w-post-elm post_content usg_post_content_1\">Lorem ipsum dolor sit amet, consectetur adipiscing elit. Integer tincidunt lorem id quam tristique, in convallis diam tempus. Aliquam ligula&hellip;<\/div><time class=\"w-post-elm post_date usg_post_date_1 entry-date published\" datetime=\"2020-11-24T16:14:35+01:00\" title=\"24 November 2020 um 16:14:35 Europe\/Berlin\u00a0Uhr\">24 Nov. 2020<\/time><\/div>\t\t<\/div>\r\n\t<\/article>\r\n\t<article class=\"w-grid-item animate_afb size_1x1 post-83 post type-post status-publish format-standard has-post-thumbnail hentry category-kundenstories\" data-id=\"83\" style=\"animation-delay:0.1s\">\r\n\t\t<div class=\"w-grid-item-h\">\r\n\t\t\t\t\t\t<div class=\"w-post-elm post_custom_field usg_post_custom_field_1 type_text\"><\/div><div class=\"w-vwrapper usg_vwrapper_1 align_left valign_top\" style=\"--vwrapper-gap:0.5rem\"><div class=\"w-post-elm post_image usg_post_image_1 stretched\"><a href=\"https:\/\/brandmanual.aufbau-nord.de\/?p=83\" aria-label=\"Die Menschen hinter der Marke &#8211; Eine Erfolgsgeschichte\"><img loading=\"lazy\" decoding=\"async\" width=\"300\" height=\"200\" src=\"https:\/\/brandmanual.aufbau-nord.de\/wp-content\/uploads\/2020\/11\/2024_07_15_-1583-300x200.jpg\" class=\"attachment-medium size-medium wp-post-image\" alt=\"\" srcset=\"https:\/\/brandmanual.aufbau-nord.de\/wp-content\/uploads\/2020\/11\/2024_07_15_-1583-300x200.jpg 300w, https:\/\/brandmanual.aufbau-nord.de\/wp-content\/uploads\/2020\/11\/2024_07_15_-1583-1024x681.jpg 1024w, https:\/\/brandmanual.aufbau-nord.de\/wp-content\/uploads\/2020\/11\/2024_07_15_-1583-1536x1022.jpg 1536w, https:\/\/brandmanual.aufbau-nord.de\/wp-content\/uploads\/2020\/11\/2024_07_15_-1583.jpg 1920w\" sizes=\"auto, (max-width: 300px) 100vw, 300px\" \/><\/a><\/div><div class=\"w-post-elm post_taxonomy usg_post_taxonomy_1 style_simple\"><a href=\"https:\/\/brandmanual.aufbau-nord.de\/?cat=18\">Kundenstories<\/a><\/div><h2 class=\"w-post-elm post_title usg_post_title_1 entry-title color_link_inherit\"><a href=\"https:\/\/brandmanual.aufbau-nord.de\/?p=83\">Die Menschen hinter der Marke &#8211; Eine Erfolgsgeschichte<\/a><\/h2><div class=\"w-post-elm post_content usg_post_content_1\">Lorem ipsum dolor sit amet, consectetur adipiscing elit. Integer tincidunt lorem id quam tristique, in convallis diam tempus. Aliquam ligula&hellip;<\/div><time class=\"w-post-elm post_date usg_post_date_1 entry-date published\" datetime=\"2020-11-24T16:14:14+01:00\" title=\"24 November 2020 um 16:14:14 Europe\/Berlin\u00a0Uhr\">24 Nov. 2020<\/time><\/div>\t\t<\/div>\r\n\t<\/article>\r\n\t<article class=\"w-grid-item animate_afb size_1x1 post-91 post type-post status-publish format-standard has-post-thumbnail hentry category-best-practice\" data-id=\"91\" style=\"animation-delay:0.2s\">\r\n\t\t<div class=\"w-grid-item-h\">\r\n\t\t\t\t\t\t<div class=\"w-post-elm post_custom_field usg_post_custom_field_1 type_text\"><\/div><div class=\"w-vwrapper usg_vwrapper_1 align_left valign_top\" style=\"--vwrapper-gap:0.5rem\"><div class=\"w-post-elm post_image usg_post_image_1 stretched\"><a href=\"https:\/\/brandmanual.aufbau-nord.de\/?p=91\" aria-label=\"Wie nutze ich die Designvorlagen richtig?\"><img loading=\"lazy\" decoding=\"async\" width=\"300\" height=\"200\" src=\"https:\/\/brandmanual.aufbau-nord.de\/wp-content\/uploads\/2020\/11\/Polo2-300x200.jpg\" class=\"attachment-medium size-medium wp-post-image\" alt=\"\" srcset=\"https:\/\/brandmanual.aufbau-nord.de\/wp-content\/uploads\/2020\/11\/Polo2-300x200.jpg 300w, https:\/\/brandmanual.aufbau-nord.de\/wp-content\/uploads\/2020\/11\/Polo2-1024x683.jpg 1024w, https:\/\/brandmanual.aufbau-nord.de\/wp-content\/uploads\/2020\/11\/Polo2-1536x1024.jpg 1536w\" sizes=\"auto, (max-width: 300px) 100vw, 300px\" \/><\/a><\/div><div class=\"w-post-elm post_taxonomy usg_post_taxonomy_1 style_simple\"><a href=\"https:\/\/brandmanual.aufbau-nord.de\/?cat=19\">Best Practice<\/a><\/div><h2 class=\"w-post-elm post_title usg_post_title_1 entry-title color_link_inherit\"><a href=\"https:\/\/brandmanual.aufbau-nord.de\/?p=91\">Wie nutze ich die Designvorlagen richtig?<\/a><\/h2><div class=\"w-post-elm post_content usg_post_content_1\">Lorem ipsum dolor sit amet, consectetur adipiscing elit. Integer tincidunt lorem id quam tristique, in convallis diam tempus. Aliquam ligula&hellip;<\/div><time class=\"w-post-elm post_date usg_post_date_1 entry-date published\" datetime=\"2020-11-24T16:13:55+01:00\" title=\"24 November 2020 um 16:13:55 Europe\/Berlin\u00a0Uhr\">24 Nov. 2020<\/time><\/div>\t\t<\/div>\r\n\t<\/article>\r\n<\/div><div class=\"w-grid-preloader\"><div class=\"g-preloader type_1\">\r\n\t<div><\/div>\r\n<\/div>\r\n<\/div>\t<div class=\"w-grid-json hidden\" onclick='return {&quot;action&quot;:&quot;us_ajax_grid&quot;,&quot;ajax_url&quot;:&quot;https:\\\/\\\/brandmanual.aufbau-nord.de\\\/wp-admin\\\/admin-ajax.php&quot;,&quot;infinite_scroll&quot;:0,&quot;max_num_pages&quot;:1,&quot;pagination&quot;:&quot;none&quot;,&quot;permalink_url&quot;:&quot;https:\\\/\\\/brandmanual.aufbau-nord.de&quot;,&quot;template_vars&quot;:{&quot;columns&quot;:&quot;3&quot;,&quot;exclude_items&quot;:&quot;none&quot;,&quot;img_size&quot;:&quot;default&quot;,&quot;ignore_items_size&quot;:false,&quot;items_layout&quot;:&quot;581&quot;,&quot;items_offset&quot;:&quot;1&quot;,&quot;load_animation&quot;:&quot;afb&quot;,&quot;overriding_link&quot;:&quot;none&quot;,&quot;post_id&quot;:892,&quot;query_args&quot;:{&quot;post_type&quot;:[&quot;post&quot;],&quot;post_status&quot;:[&quot;publish&quot;],&quot;posts_per_page&quot;:&quot;3&quot;},&quot;orderby_query_args&quot;:{&quot;orderby&quot;:{&quot;date&quot;:&quot;DESC&quot;}},&quot;type&quot;:&quot;grid&quot;,&quot;us_grid_ajax_index&quot;:1,&quot;us_grid_filter_params&quot;:null,&quot;us_grid_index&quot;:1,&quot;_us_grid_post_type&quot;:&quot;post&quot;}}'><\/div>\r\n\t<\/div><div class=\"w-separator size_medium\"><\/div><div class=\"w-btn-wrapper width_auto align_center\"><a class=\"w-btn us-btn-style_3\" title=\"News Beitr\u00e4ge\" href=\"http:\/\/brandmanual.aufbau-nord.de\/blog\/\"><span class=\"w-btn-label\">Mehr Anwendungen \u00f6ffnen<\/span><\/a><\/div><div class=\"w-scroller style_3 pos_right\" aria-hidden=\"true\" data-speed=\"1000\" data-disablewidth=\"768\"><div class=\"w-scroller-dots\"><a href=\"javascript:void(0);\" tabindex=\"-1\" class=\"w-scroller-dot\"><span style=\"font-size:10px;box-shadow:0 0 0 2px #dfe3e6;background:#dfe3e6;\"><\/span><\/a><\/div><\/div><\/div><\/div><\/div><\/div><\/div><\/section><section class=\"l-section wpb_row height_custom\"><div class=\"l-section-h i-cf\"><div class=\"g-cols vc_row type_default valign_middle\"><div class=\"vc_col-sm-6 wpb_column vc_column_container animate_afl\"><div class=\"vc_column-inner\"><div class=\"wpb_wrapper\"><div class=\"w-image us_custom_ace05332 align_none\"><div class=\"w-image-h\"><img loading=\"lazy\" decoding=\"async\" width=\"681\" height=\"1024\" src=\"https:\/\/brandmanual.aufbau-nord.de\/wp-content\/uploads\/2026\/02\/2023_11_15_Condias_Start-59-681x1024.jpg\" class=\"attachment-large size-large\" alt=\"\" srcset=\"https:\/\/brandmanual.aufbau-nord.de\/wp-content\/uploads\/2026\/02\/2023_11_15_Condias_Start-59-681x1024.jpg 681w, https:\/\/brandmanual.aufbau-nord.de\/wp-content\/uploads\/2026\/02\/2023_11_15_Condias_Start-59-200x300.jpg 200w, https:\/\/brandmanual.aufbau-nord.de\/wp-content\/uploads\/2026\/02\/2023_11_15_Condias_Start-59-1022x1536.jpg 1022w, https:\/\/brandmanual.aufbau-nord.de\/wp-content\/uploads\/2026\/02\/2023_11_15_Condias_Start-59.jpg 1080w\" sizes=\"auto, (max-width: 681px) 100vw, 681px\" \/><\/div><\/div><\/div><\/div><\/div><div class=\"vc_col-sm-6 wpb_column vc_column_container animate_afr\"><div class=\"vc_column-inner\"><div class=\"wpb_wrapper\"><div class=\"wpb_text_column\" ><div class=\"wpb_wrapper\"><h2>Benutzung<\/h2>\n<p>Nutzen Sie die Men\u00fcf\u00fchrung im Kopfbereich um die einzelnen Bereiche des PREY Brand Portals zu erkunden. Viel Spass dabei!<\/p>\n<\/div><\/div><div class=\"w-btn-wrapper width_auto align_left\"><a class=\"w-btn us-btn-style_3 icon_atleft\" href=\"#brandportal\"><i class=\"fas fa-arrow-up\"><\/i><span class=\"w-btn-label\">Zur\u00fcck nach oben<\/span><\/a><\/div><\/div><\/div><\/div><\/div><\/div><\/section>\n","protected":false},"excerpt":{"rendered":"Lorem ipsum dolor sit amet, consectetur adipiscing elit. Integer tincidunt lorem id quam tristique, in convallis diam tempus. Aliquam ligula mi, iaculis vitae aliquet id, blandit fermentum turpis. Curabitur non enim quis ante tincidunt laoreet. Aliquam mattis a leo vel auctor. Vivamus pretium ut ante sed vestibulum. Phasellus eu urna at metus accumsan malesuada. Class...","protected":false},"author":1,"featured_media":0,"parent":0,"menu_order":0,"comment_status":"closed","ping_status":"closed","template":"","meta":{"footnotes":""},"class_list":["post-892","page","type-page","status-publish","hentry"],"_links":{"self":[{"href":"https:\/\/brandmanual.aufbau-nord.de\/index.php?rest_route=\/wp\/v2\/pages\/892","targetHints":{"allow":["GET"]}}],"collection":[{"href":"https:\/\/brandmanual.aufbau-nord.de\/index.php?rest_route=\/wp\/v2\/pages"}],"about":[{"href":"https:\/\/brandmanual.aufbau-nord.de\/index.php?rest_route=\/wp\/v2\/types\/page"}],"author":[{"embeddable":true,"href":"https:\/\/brandmanual.aufbau-nord.de\/index.php?rest_route=\/wp\/v2\/users\/1"}],"replies":[{"embeddable":true,"href":"https:\/\/brandmanual.aufbau-nord.de\/index.php?rest_route=%2Fwp%2Fv2%2Fcomments&post=892"}],"version-history":[{"count":10,"href":"https:\/\/brandmanual.aufbau-nord.de\/index.php?rest_route=\/wp\/v2\/pages\/892\/revisions"}],"predecessor-version":[{"id":1440,"href":"https:\/\/brandmanual.aufbau-nord.de\/index.php?rest_route=\/wp\/v2\/pages\/892\/revisions\/1440"}],"wp:attachment":[{"href":"https:\/\/brandmanual.aufbau-nord.de\/index.php?rest_route=%2Fwp%2Fv2%2Fmedia&parent=892"}],"curies":[{"name":"wp","href":"https:\/\/api.w.org\/{rel}","templated":true}]}}